vided by 10.
6
Suppose k - 20 = 3*i + 2*i, -4*k + i + 23 = 0. What is the remainder when 4 + (21 - 8) + 2 is divided by k?
4
Suppose 6*d - 14 = 4. What is the remainder when 29 is divided by ((-25)/(-15))/(d/9)?
4
Let z(n) = n**3 - 8*n**2 + 4*n - 12. Let f(h) = -2*h + 16. Let m be f(4). What is the remainder when z(m) is divided by 4?
0
Let g(f) = -f**2 - 27*f - 40. Calculate the remainder when g(-9) is divided by 54.
14
Suppose 0 = -3*d + 22 + 47. Suppose -6*o = -2*o - 348. What is the remainder when o is divided by d?
18
Suppose 6*z = 10*z - 32. Let t(k) = -k**3 + 7*k**2 + 7*k - 1. Let c be t(z). Let v = c - -15. Calculate the remainder when 11 is divided by v.
5
Suppose -5*q - 539 = k - 1831, -4*q = -k - 1039. Calculate the remainder when q is divided by 66.
61
Let i(t) = -t**3 + 11*t**2 - 12*t - 31. Let z be i(7). Let k = 97 - z. What is the remainder when 158 is divided by k?
14
Suppose -6*c = -y - 4*c + 2, -4*y - 4*c + 20 = 0. Suppose -3*f = -y + 1. Let l(x) = x**3 + 7*x**2 + 5*x - 4. Calculate the remainder when l(-6) is divided by f.
0
Let o(m) = -m**2 + m - 1. Let b be o(3). What is the remainder when 2/b + (-745)/(-35) is divided by 12?
9
Suppose 3*h + h - 332 = 0. Calculate the remainder when h is divided by (-990)/(-42) - (2 - 20/14).
14
Let y be (8 + -10)/((-1)/2). Calculate the remainder when -3 - (-4)/((-12)/(-63)) is divided by ((-7)/(-1))/(y - 3).
4
Suppose -19*u = -16*u + 57. Let c = -8 - u. Suppose 4*r - 64 = -4*l, 0*r - c = -l - 2*r. What is the remainder when l is divided by 11?
10
Let p = -23 + 102. Suppose -79*f + 1937 = -1223. Calculate the remainder when p is divided by f.
39
Let r(u) = -u**2 + 9*u - 4. Let h be r(9). Let f be h/(-10) + 1304/40. What is the remainder when 38 is divided by 336/f - 6/33?
8
Let y(n) = -4*n - 24. Let g be y(-6). Suppose 5*w + 3*b - 979 = -g*w, -w = 2*b - 193. Calculate the remainder when w is divided by 40.
37
Suppose -605 = 97*k - 102*k. What is the remainder when k is divided by 61?
60
Let i(l) = -l - 38. Let h(o) = -4*o - 115. Let s(p) = -3*h(p) + 8*i(p). What is the remainder when 11 is divided by s(-8)?
2
Let z be -3 - (-3)/(6/14). Suppose -3*d = -4*m + 124, -5*m = -0*m - d - 155. What is the remainder when m is divided by (z/(-8))/((-1)/16)?
7
Let a = -18 + 39. Let s(j) = j + 14. Let c be s(-6). Suppose 2*x = 3*x - c. Calculate the remainder when a is divided by x.
5
Let n = -13 + 16. Let c be n*1/(12/64). Suppose -2*f = 2*h - c, 5*h + 2*f = 18 + 10. What is the remainder when 7 is divided by h?
3
Let i = 197 + -180. What is the remainder when 32 is divided by i?
15
Let f be -1*6/9*6 + 13. Suppose b - 5 = -4*i + f, -6 = 2*i. Calculate the remainder when 51 is divided by b.
25
Let k be 0 + -3 + -1 - 76. Let b = k - -118. Calculate the remainder when b is divided by 10.
8
Let m be -2 + -3 + 6 + 34. Suppose -b + 8*b - m = 0. Suppose 8 = -b*f + 223. What is the remainder when f is divided by 15?
13
Calculate the remainder when 1*(-3 + (-3250)/(-5)) is divided by 81.
80
Let u = 1175 + -1166. Calculate the remainder when 232 is divided by u.
7
Let g = 44 + -7. Suppose -4*w = -9 + 1, f - 105 = w. What is the remainder when f is divided by g?
33
Let n(o) be the first derivative of -5*o**2/2 - 8*o - 3. Let t = -136 + 133. Calculate the remainder when 18 is divided by n(t).
4
Suppose 0 = 2*y + 4*i - 44, 0 = -5*y - 2*i + 43 + 75. Calculate the remainder when y is divided by 19.
5
Let h(t) = -19*t + 6 - t**3 - 1 + 14*t - 14*t**2 + 4. What is the remainder when h(-14) is divided by 27?
25
Suppose -12*n - 64 = -15*n + 2*m, 0 = n + 2*m - 24. What is the remainder when 119 is divided by n?
9
Suppose -89*m = -60*m - 14645. Calculate the remainder when m is divided by 30.
25
Let q(h) = 17*h - 6. Let c(i) = -i**3 - 2*i**2 + 2. Let r be c(-2). What is the remainder when 108 is divided by q(r)?
24
Let s(f) = 3*f - 3. Let i be s(1). Suppose -y + 50 + 162 = i. Suppose -4*v = -0*v - y. Calculate the remainder when v is divided by 18.
17
Calculate the remainder when (-71 + 217)/(((-2)/3)/(-1)) is divided by 103.
13
Suppose 3*l = -2*l + 275. Calculate the remainder when l is divided by 57/4*168/126.
17
Let f be (-24)/(-21) + (-1)/7. What is the remainder when 24 - f/(-1*(-1)/(-3)) is divided by 2?
1
Let b(d) = -14*d - 194. What is the remainder when b(-47) is divided by 140?
44
Let h(z) = -z**2 - 5*z + 1. Let r be h(-4). Suppose 2*n - r*n = -30. Let t(u) = -59*u - 277. What is the remainder when t(-5) is divided by n?
8
Suppose -825 - 2631 = -12*o. Calculate the remainder when o is divided by 17.
16
Suppose -5*i - 865 = -10*i. Let o(g) = -18*g + 29. Calculate the remainder when i is divided by o(0).
28
Suppose -4*b + 28 = 3*b. Suppose 4*l + 6*a = a + 3, -4*a = b*l - 8. What is the remainder when l is divided by 5?
2
Let n(j) be the first derivative of -j**2/2 + 24*j + 11. What is the remainder when n(6) is divided by 5?
3
Let z = 13 + -4. Let d(v) = -2*v**3 - 14*v**2 - v - 10. Let b be d(-7). Calculate the remainder when 17 is divided by (-5)/(b/(z - 3)).
7
Suppose 0 = 41*u - 61*u + 320. Suppose -34 - 29 = -p. What is the remainder when p is divided by u?
15
Let o be (-9 - 3) + 3/3. Calculate the remainder when 63 is divided by o/((-3)/(-12)*-2).
19
Let d(o) = 0*o - 4*o + 21 + 3*o. Let k be d(12). Calculate the remainder when (518/(-21))/((-2)/k) is divided by 28.
27
Let v be ((-5 + 3)*-3 - 2) + -3. What is the remainder when 39 is divided by 7*(-3)/((-3 - -2)/v)?
18
Suppose 3*p + 9 = 4*p. Let s = -10 + 14. Calculate the remainder when p is divided by s.
1
Calculate the remainder when 116 is divided by 54/(-36)*(-66)/9.
6
Suppose -5*s = 54 - 104. Calculate the remainder when 85 is divided by s.
5
Suppose d + l = -d + 6, -d + 3*l = -3. What is the remainder when (-600)/(-90) + 2/(-3) is divided by d?
0
Suppose -25 = -5*x, -2*x = -2*j + 3*x + 35. Let r = j - 28. What is the remainder when 7 is divided by r?
1
Suppose -104*u + 129*u = 1950. What is the remainder when u is divided by 47?
31
Let p be (-989)/(-215) - 4/(-10). Suppose -2*k = -p*k + 63. What is the remainder when 6*7 + 2/(-2) is divided by k?
20
Let h(j) = 2*j**2 - 14*j + 20. Let q be h(9). Suppose 0 = 4*v + 2*n - q, 18 = -3*v - n + 62. Calculate the remainder when 61 is divided by v.
13
Suppose -4*h - 7*h + 44 = 0. Suppose -2*g + q = -3*g + 11, 4*g + 3*q = 41. Calculate the remainder when g is divided by h.
0
Let w(f) = f + 23. What is the remainder when 89 is divided by w(-5)?
17
Let g = 266 + -217. What is the remainder when 243 is divided by g?
47
Let a = 51 - 42. Suppose -t - 4*t = -210. What is the remainder when t is divided by a?
6
Let j be 93 - (2/(-2) - 0). Let c be (4/(-6))/(8/(-3) - -2). What is the remainder when 36 is divided by c/5 - j/(-5)?
17
Suppose 19*x = -4*x + 4577. What is the remainder when x is divided by 41?
35
Let f(b) = -9*b - 15 + 5 + 5. Calculate the remainder when f(-3) is divided by 4.
2
Suppose 0*n = -n + p - 15, -3*n - 2*p = 50. What is the remainder when 4 is divided by (-6)/9*72/n?
1
Let a = -22 + 30. Calculate the remainder when 112 is divided by 177/6 + -2*2/a.
25
Let y = 0 + 3. Suppose y*z = i - 6*i + 222, 0 = -2*z - 3*i + 149. What is the remainder when z is divided by 12?
7
Let t = 27 + -18. Calculate the remainder when (-3)/(-30)*4 - 1290/(-25) is divided by t.
7
Let c(h) = -h**2 - 7*h. Let y be c(-7). Suppose 2*m - 79 + 17 = y. Calculate the remainder when 183 is divided by m.
28
Suppose 27*a = 35*a - 136. Suppose -5*z + 330 = 5*k, -k + 57 = 4*z - 12. Calculate the remainder when k is divided by a.
14
Suppose -3*v = -2*k + 83, -2*k + 3*k = 3*v + 37. What is the remainder when k is divided by 3?
1
Let s = 181 + 188. Let w = 642 - s. Suppose -5*k = 10, -4*k = -6*x + x + w. Calculate the remainder when x is divided by 27.
26
Suppose 3*m + 5*u = -5, u = -4*m - 0*m + 16. Let c(y) = -y + 19. What is the remainder when 69 is divided by c(m)?
13
Suppose -39 = -i + 5*p, -83 = -3*i + i + 5*p. Suppose -4*y = -m - 61, y - 4*m = -10 + i. Let v = y + -12. Calculate the remainder when 3 is divided by v.
1
Suppose -30 = -3*l - r, r = -3*l - r + 30. Let z = 532 - 515. What is the remainder when z is divided by l?
7
Let c = -12 + 14. Suppose -c = 5*r - 47. Calculate the remainder when 25 is divided by r.
7
Let r = 1 - 0. 